he greatest common divisor of k and u.
8
Suppose 7*q - 25*q = -12384. What is the highest common factor of q and 43?
43
Suppose 0 = 8*u - 16*u + 3760. Calculate the greatest common factor of u and 47.
47
Let z be 196/21*(-36)/(-14). Suppose 0*i + 4*i - 217 = 5*n, 3*n = 5*i - 255. Calculate the highest common factor of z and i.
24
Let l(n) = n. Let t be l(2). Let h(d) = -d - 6. Let u be h(-9). Let b be ((-8)/(-3))/(u/18). Calculate the greatest common factor of t and b.
2
Let u = 77 - 76. Let b be 4/(-1) + u - -42. Suppose -5*d + 17 = -1348. Calculate the greatest common factor of b and d.
39
Let h(y) = 16*y**2 + y - 1. Let w be h(2). Let m be 6/9 + 2852/(-12). Let g be 1/(-3) + m/(-9). What is the highest common factor of w and g?
13
Let m(q) = q**3 - 6*q**2 - 7*q + 10. Let t be m(7). Suppose t*h - 33 = 7*h. What is the greatest common divisor of 55 and h?
11
Suppose 12*z = 11*z + 176. Let w(x) = 3*x**3 - 13*x**2 - 9*x + 6. Let b be w(5). Calculate the highest common divisor of z and b.
11
Let b be 0*7/(-14) - -290. What is the greatest common factor of 203 and b?
29
Suppose -2*d + 5*z - 51 = -176, 4*z = 12. What is the greatest common factor of d and 910?
70
Let h(z) = -z**3 - 15*z**2 + 80*z - 47. Let p be h(-23). What is the greatest common divisor of p and 35?
35
Let j(p) = p**2 - 4*p - 8. Let z be j(6). Suppose z*s - 13 = -1. Let n = -131 - -140. What is the highest common divisor of n and s?
3
Let i(j) = j**2 + j. Let a be i(0). Let v = 15 + -8. Let b = v - a. What is the greatest common factor of 7 and b?
7
Suppose -5*o + 634 - 51 = 4*q, 4*q = -o + 587. What is the greatest common factor of q and 196?
49
Let l = -49 + 118. Calculate the greatest common divisor of l and 92.
23
Suppose -24*y = -20*y. Suppose -g - p + y + 7 = 0, -3*p - 39 = -3*g. What is the greatest common factor of 110 and g?
10
Let w be (-22)/(1/(-2)*2). Suppose -5*g = -w - 33. Calculate the greatest common divisor of g and 22.
11
Suppose 55 + 115 = j. Let z be 158 - (10 + -11)*2*1. Let q = z - 126. Calculate the highest common factor of j and q.
34
Let x(t) = 10*t**2 + 5*t - 9. Let w be x(-4). Suppose 5*g = -3*q + 477, -5*g - w = -3*q + 316. Calculate the greatest common divisor of q and 14.
14
Let d(f) = -f**2 - 14*f + 14. Let j be d(-15). Let y be (-1)/(((-1)/(-77))/j). Calculate the greatest common factor of 11 and y.
11
Let d be 5/1*(-24)/(-40). Suppose 2*t + 5*c = -0*t + 47, t = -d*c + 25. What is the greatest common factor of t and 32?
16
Suppose -3*m = -5*z - 620, -26*z = m - 24*z - 192. What is the greatest common divisor of m and 10?
10
Let t = -836 + 900. Calculate the greatest common factor of 1216 and t.
64
Let w be (-1183)/(-21) + (-6)/18. Calculate the greatest common factor of 6 and w.
2
Suppose 2*n + 4*d - 20 = -3*n, 19 = 3*n + d. Let q = 173 - 15. Suppose -q = -4*m + c, 4*m = -c - 3*c + 168. What is the highest common divisor of m and n?
8
Let d(k) = k**2 + 3. Let a = -16 + 10. Let t be d(a). Let x = -90 - -116. Calculate the greatest common divisor of t and x.
13
Let g(j) = 15*j - 5. Let i be g(5). What is the greatest common divisor of i and 280?
70
Let h = 1 - -2. Let p be (0 + -42)*h/(-3). Suppose 2*k = -k + p. Calculate the highest common factor of k and 98.
14
Let m be (2/3)/((-12)/54). Let h(r) = r + 10. Let q be h(m). Let z(t) = -t**3 + 6*t**2 + 7*t + 1. Let n be z(q). What is the highest common factor of n and 3?
1
Suppose -185 = -5*q + 5*c - 4*c, -4*c = -q + 18. Suppose 169 = 3*i - 59. What is the greatest common divisor of q and i?
38
Suppose -3*f - 1017 = -4*u, -u + 15*f = 6*f - 279. Calculate the greatest common divisor of u and 36.
36
Let u(g) = -g**3 - 2*g**2 - 4*g - 3. Let m be u(-2). Suppose m*r = 0, -5*r - 5 - 35 = -4*a. Let s = -356 + 361. Calculate the greatest common factor of s and a.
5
Let j(p) = 5*p**2 - 38*p - 160. Let i be j(-10). What is the greatest common divisor of i and 560?
80
Suppose 0*i + 6 = 5*i + 2*a, -5*i = 5*a. Suppose 2*o = 5*h - 317, 0 = -5*h + 4*h - i*o + 61. What is the highest common divisor of 9 and h?
9
Let p = -6 + 1. Suppose 6*l = -73 + 67. Let c be p + 3 + 11 + l. What is the greatest common divisor of c and 72?
8
Let r(x) = -x**2 - 5*x + 6. Suppose 2*p = 2, 2*o - 4 - 14 = 2*p. Let q = o + -15. Let w be r(q). Calculate the highest common divisor of w and 36.
6
Let r = -13 - -19. Let v = r + -2. What is the greatest common factor of v and 44?
4
Let b be (-127)/(-6) + 2/(-12). Let k = -13 + b. Suppose -h = -k + 4. Calculate the highest common divisor of h and 8.
4
Let u(m) = 2 + 2*m + 4*m**3 - 6*m**2 - 3*m - 5*m**3 + 0*m. Let d be u(-5). Let y = 31 + d. What is the highest common divisor of y and 91?
13
Suppose -4*l = l + 385. Let x = 186 + l. Suppose 19 - x = -5*w. What is the highest common factor of 144 and w?
18
Let k(w) = w**2 - 6*w + 9. Let d be k(3). Suppose d = 3*s - 2*s - 50. Calculate the highest common factor of s and 5.
5
Let d = 95 - -7. Suppose 19*g = 18*g + d. Calculate the highest common factor of 51 and g.
51
Let w(m) = 37*m**2 - 6*m - 17. Let a be w(-2). What is the greatest common divisor of 65 and a?
13
Let t = -547 + 680. What is the greatest common factor of 19 and t?
19
Let h be (-25 - -37)*(-60)/(-9). Calculate the highest common divisor of 496 and h.
16
Let f(k) = 6*k**3 - k + 1. Let i be f(3). Let t = 7 + -14. Let c(u) = -u**3 - 8*u**2 - 11*u - 8. Let g be c(t). Calculate the highest common divisor of g and i.
20
Suppose -249 - 41 = -5*h. Suppose 3*m + 19 = h. What is the greatest common divisor of m and 26?
13
Suppose -7*u = 72 - 177. Let o(g) = -8 - 6 + u + g. Let k be o(9). What is the greatest common factor of 80 and k?
10
Let a be 3/(-5) + 268632/520. Calculate the highest common factor of a and 24.
12
Suppose -21*t + 37*t - 480 = 0. Calculate the greatest common factor of 30 and t.
30
Suppose -5*i + 1210 = -3*s, -44*i + 46*i - 3*s - 484 = 0. Calculate the highest common divisor of 44 and i.
22
Let b = -1782 - -2139. Calculate the greatest common factor of b and 255.
51
Suppose 0 = 4*c + 723 - 687, 0 = 3*n - c - 243. Suppose 0 = -2*u + 1 - 5. Let k be u + 0 + 1 + 118. What is the highest common factor of k and n?
39
Suppose p - 1 = -3*v, -v - 13*p = -9*p + 18. Let c be (-5)/((-5)/v)*(-5)/(-2). What is the highest common factor of 25 and c?
5
Let c(i) = -6*i**3 - 3*i**2 - 2*i - 1. Let n be c(-2). Let l = n - 30. Calculate the greatest common divisor of 1 and l.
1
Suppose -2*s + 2*d = -76 - 52, 9 = 3*d. What is the highest common divisor of s and 268?
67
Let q(h) = 12*h**2 - h - 1. Let r be q(-1). Let p = -8143 + 8347. Calculate the greatest common factor of r and p.
12
Let w = 90 - 93. Let x be (45/12 + w)/((-3)/(-396)). Calculate the highest common factor of 22 and x.
11
Suppose 0 = -11*v + 5*s + 894, 3*v - 6*v - 2*s + 227 = 0. Calculate the greatest common divisor of v and 869.
79
Let x(k) = -2*k**3 - 3*k**2 - 2*k. Let q be x(-2). Let h be (-2 - 0)*62/(-31) - 0. What is the highest common factor of h and q?
4
Let v(z) = 21*z - 138. Let k be v(10). Let a = 36 - 32. Calculate the greatest common factor of a and k.
4
Suppose -4*v + 1442 = 5*q, q + 51*v - 298 = 47*v. Calculate the greatest common factor of 78 and q.
26
Let x(b) = 2*b - 7. Let c be x(5). Let d be (0 - -18 - -1)*c. What is the highest common factor of 38 and d?
19
Let z = 15 + 21. Suppose 3*y + 5*g - 4*g = -37, -z = 4*y + 4*g. Let k = 50 + y. What is the greatest common factor of k and 24?
12
Suppose -18 = -l + d, 0 = -5*l + d + 66 + 16. Let q(o) = 88*o - 32. Let m be q(2). Calculate the greatest common divisor of l and m.
16
Let p(q) = -q**3 - 10*q**2 + 33*q - 22. Let d be p(-13). What is the highest common divisor of 140 and d?
28
Let r(y) = 2*y**2 - 9*y + 12. Let o be r(6). Let i = o + -18. Let l = 95 - 59. What is the greatest common divisor of i and l?
12
Let x be ((-2)/2)/1*-5. Suppose 186 = x*r - 264. What is the greatest common factor of 10 and r?
10
Suppose -5*f = -f. Let t = 12 - f. Let n = -38 + 50. Calculate the highest common divisor of n and t.
12
Suppose 0 = -6*y + 3*y + 60. What is the greatest common divisor of 12 and y?
4
Let r be -6*(-1)/((-6)/(-32)). Let d = 112 + 240. What is the greatest common divisor of d and r?
32
Suppose 0 = 17*p - 72 + 4. Calculate the greatest common factor of 100 an